-1 + -2 - (3 - (3 + 8))
5
Calculate (7 - 2) + -6 - 7.
-8
What is the value of 6 + (6 - (9 - -3))?
0
Calculate -2 - -2 - -1 - 4 - -1.
-2
Calculate -4 - -11 - (11 - 5).
1
What is the value of (-5 - 0) + 4 + -3?
-4
What is -3 - (3 - (-10 + 21))?
5
Evaluate -4 + 6 - 2 - (1 + -2).
1
What is -1 + (11 - 1) - 4?
5
What is -1 - (-5 - 0) - (-67 + 67)?
4
Calculate 4 + -2 + -4 + 6.
4
Evaluate -1 + -5 - (0 + 3 + -5).
-4
Evaluate 7 + -4 + 2 - (0 + 10).
-5
Calculate -8 - (-5 - -3) - (-2 + 1).
-5
Evaluate -14 + 2 - (-6 - 3).
-3
Calculate 0 - 1 - 3 - -8.
4
Calculate 4 + 2 + -4 + -1.
1
What is the value of 5 + (-8 - -11) + -4 + -1?
3
What is (2 - 0 - 5) + 2 + 3?
2
What is the value of (2 - (-1 - 4)) + (-7 - -6)?
6
(-2 - (5 - (-7 + 10))) + 12
8
What is the value of 3 - 2 - (-38 - -36)?
3
What is the value of -11 + 9 - (2 + 0)?
-4
What is -18 + 31 - (2 + 1) - 6?
4
What is 14 - (7 - (3 + -6))?
4
What is the value of -41 + 36 + (1 - 0) - 2?
-6
Evaluate -1 - -1 - (-9 + 8 + -1).
2
Calculate -6 + (2 - -1) - -1.
-2
What is the value of 0 - (2 - 5) - (-25 - -28)?
0
What is the value of -2 + (-2 - (-1 - 0)) + 1?
-2
Calculate (-3 - -7 - -1) + -1.
4
-2 + 4 + (-17 - -13)
-2
What is the value of -3 + 3 - (2 - (-3 + 8))?
3
-2 - (-3 + -1 + -2)
4
Calculate 3 + 1 + (1 - (2 - -4)).
-1
Calculate 3 + -13 + -2 + 1 + 5.
-6
What is the value of -1 + 4 - (18 + -17)?
2
What is the value of 3 + (3 - 2 - 5)?
-1
Calculate -8 + (-13 - -22) - (-1 - 6).
8
4 - (-13 + 3 + 5)
9
What is (-7 - 0 - -4) + -4?
-7
What is -6 + (22 - (21 + -11))?
6
What is the value of -6 + -2 - (-1 - -2 - 8)?
-1
What is (-2 - (13 - -8)) + 14?
-9
11 + (-31 - -10) + 11
1
Calculate 1 + (4 - (4 - 2)) + 2.
5
-10 - (2 - 10 - -4)
-6
Evaluate 1 + 3 + -9 - -9.
4
Calculate -9 + 1 + 2 + (4 - 2).
-4
10 - ((-7 - -4) + 1 - -5)
7
-5 - (-13 + 9 + -2)
1
Calculate 2 - (1 - (0 - 3)).
-2
What is the value of 3 - (-4 - -2 - -4)?
1
Evaluate (2 + -1 - (-10 - -14)) + 2.
-1
What is -22 - -49 - 21 - (0 + 3)?
3
Evaluate 3 + (6 + -1 - 3).
5
What is -2 + (16 - (-5 - -10))?
9
What is -13 - -2 - (-12 + 5)?
-4
What is the value of (-2 - (4 - 7)) + (-1 - 1)?
-1
Evaluate 2 + 0 - (-8 - (-22 - -10)).
-2
(8 - (0 - -4)) + -2 - 2
0
What is the value of 3 - (6 + -3 - 3)?
3
What is -3 - 1 - (-25 + 17)?
4
Evaluate (0 - 2) + -3 - (-16 + 14).
-3
(14 - (-11 - -24)) + -5
-4
Calculate (-2 - (1 - 2) - -1) + -1.
-1
What is the value of 17 + -33 + (1 - -6)?
-9
(-46 - -59) + 1 + -6
8
5 - (1 + -4 + 6) - 0
2
What is 4 - (-6 - -16 - -3)?
-9
Calculate -8 + 16 + 3 + -5 + -9.
-3
What is the value of (-3 - -5) + -16 + 10 - 4?
-8
What is 4 + (6 - (22 + -9))?
-3
Calculate 1 - 5 - (14 + -21).
3
Calculate 1 + -6 + 5 + 1.
1
Calculate -8 - (-6 - (-10 - -13)).
1
What is the value of 2 + (-4 - -2) - (1 - -3)?
-4
Evaluate 7 - 1 - (12 + -9).
3
Calculate -6 + 6 + -2 + -3 - 2.
-7
What is -19 + 23 - (-1 + 1)?
4
What is -4 + 0 + 4 + -1?
-1
What is the value of 0 + 8 - (0 + 2)?
6
Evaluate -1 - (-2 + 2 + -7).
6
What is 1 + -2 + 2 - 2?
-1
-35 + 34 + (1 - 1)
-1
Calculate -21 + (9 - (6 + -10)).
-8
What is the value of -1 - (2 - 1 - 2)?
0
What is the value of (9 - 6) + -17 - -11?
-3
Evaluate (-8 - (3 + 0)) + 3.
-8
Calculate -4 + -1 + (1 - 1).
-5
Evaluate (28 - 26) + (1 - 4).
-1
Evaluate -1 + (-3 - (-5 - -4)) + 4.
1
What is the value of -11 + 7 + (5 - 1) + -3?
-3
What is (-6 - (-3 + 2)) + (-112 - -106)?
-11
Evaluate 7 - (-3 - (-2 + -9)).
-1
(-8 - -5) + (3 - 6)
-6
What is (9 + (-5 - 9) - -7) + 5?
7
What is the value of 2 - 0 - (-3 - -1)?
4
What is (-2 - 0 - (-1 - 1)) + 0?
0
Evaluate (3 - (-6 - (2 + -16))) + -1.
-6
-3 + -1 + 1 + (3 - -2)
2
What is 0 - -2 - (-3 - 1) - 2?
4
What is 4 - (-8 - -12) - 5?
-5
What is -4 - (8 - 11) - 8?
-9
Evaluate (7 - (8 + 7)) + 2.
-6
Calculate -1 + -5 - (35 + -41).
0
What is -2 + (6 - (2 + -2 + 0))?
4
-10 - -5 - (-10 + 1)
4
What is (7 + -13 - -3) + (-1 - -4)?
0
Calculate 172 + -178 + -1 + -1.
-8
What is the value of -5 - (-20 + (7 - -4))?
4
What is the value of 1 + 0 - (8 + (3 - 5))?
-5
Evaluate 2 + 3 + -12 - -1.
-6
What is the value of 1 - (1 + -7 + 11)?
-4
13 + (-21 + 8 + -1 - -7)
6
What is the value of -4 - -2 - 0 - -6 - 3?
1
Evaluate 2 + (0 + 0 - 2) + -3.
-3
Calculate 5 + 4 + -3 + -5.
1
-6 + -8 + 16 + -2
0
Calculate -7 + (6 - (-2 + 8 + -3)).
-4
What is -3 - 7 - -8 - -5?
3
What is (20 - 26) + (2 - (0 + 2))?
-6
Calculate 7 + (-11 - (-12 - -9)).
-1
Calculate -3 - (-2 + -14 - -8).
5
What is (-81 - -82) + (-1 - -1) + -6?
-5
What is -2 + (16 - (1 - -8))?
5
Calculate (0 - -4) + (9 - -1) + -20.
-6
Evaluate 22 + -9 + -11 + -3.
-1
Evaluate -2 + 4 + (-3 - (2 - 6)).
3
Evaluate -4 + 4 + -7 - -3 - 0.
-4
Calculate -7 + (5 - -2) + 3.
3
Calculate -9 + 10 - 13 - -5.
-7
What is 3 - ((1 - 0) + 2 - -2)?
-2
What is 0 + -3 - (5 + -5)?
-3
Calculate -2 + 4 + -2 + (1 - 2).
-1
Evaluate (1 - 4) + -2 + 3 + -3.
-5
What is 3 + 5 + (-5 - 2)?
1
What is the value of (-4 - -2) + 1 + -1?
-2
Calculate (-1 + -3 - -12 - 4) + -8.
-4
What is 10 - 0 - (-48 - -59)?
-1
Evaluate (-3 - 3 - -10) + 1 + -1.
4
-5 + -5 + 6 + (1 - -3)
0
What is the value of -8 + 27 + -5 + -9?
5
What is 6 + 5 + -6 + -5?
0
Calculate -5 + 9 - (2 + -3).
5
Evaluate 5 + (-8 - (3 + -1)).
-5
What is -4 + -10 + 11 + 1 + 6?
4
What is the value of -2 + 0 + 8 - 0?
6
What is -9 + -1 - ((-2 - -7) + -9)?
-6
3 + -8 + 7 + -3 - -8
7
What is 6 + (6 - 10) + -1?
1
Evaluate (1 - 1) + 6 - (47 + -44).
3
3 + (-3 - -1) - 3
-2
-11 - (-12 - -6) - (-2 - 5)
2
-5 + (2 - (3 + -6)) - 4
-4
What is (-2 + -2 - (-4 + 1)) + 0?
-1
Calculate -5 + 3 + (1 - 1) + -3.
-5
2 + (-2 - 3) + 0 + 3
0
Calculate 2 + (-1 - 12) - -4.
-7
Evaluate -3 - (6 + -4 + (5 - 3)).
-7
Evaluate 10 + (-1 - (5 + -3)) + 1.
8
Evaluate 0 + -2 - 3 - (-4 - -2).
-3
(136 - 138) + (2 - -1 - -1)
2
What is 7 + -1 - 13 - -11?
4
-4 + 6 + -4 - -7
5
Calculate 4 + 4 + (-6 - -12 - 9).
5
(2 - 1) + -3 - (94 + -95)
-1
What is 7 + -3 - (2 + 3)?
-1
5 + 1 + -4 + -1
1
-1 + (-4 - -1 - -1)
-3
What is (-9 - -3) + (1 - -1)?
-4
What is -27 - -22 - (0 + 1 - 3)?
-3
What is (66 - 69) + (-1 - -2 - -1)?
-1
(-3 - (-5 + -1)) + -1 - 1
1
Calculate 2 - (10 - 8) - (-2 - -8).
-6
What is (0 - 0 - -2) + 2 + -5?
-1
What is -4 - (1 + -5 + -3)?
3
Evaluate (3 - -1) + 0 + 0.
4
Evaluate (3 - 6) + -1 + 3.
-1
What is (36 - 26) + 2 + -3 + -1?
8
2 - ((0 - -3) + -2)
1
(-49 - -52) + (0 - -2) - -2
7
3 + -4 - (-12 + 6)
5
Evaluate -2 - 5 - (-6 - -2) - 2.
-5
Calculate (-32 - -34) + -1 + -3.
-2
-6 + 0 + (-17 + 6 - -20)
3
What is the value of 7 - ((-9 - -12) + -1 + 1)?
4
Evaluate 16 + (-1 - 11) + -5.
-1
Calculate -5 + 1 - (4 + (1 - 6)).
-3
3 + (-14 - -7) + 5
1
(4 - 3 - 3) + 5 + -7
-4
Evaluate 2 - (7 - (-3 - -7)).
-1
What is the value of (-6 - (2 - 4)) + 3 + -2?
-3
What is -5 - (-4 + 3 + -2)?
-2
Evaluate 1 + (2 - 6) + -3.
-6
Calculate 5 - (-1 - (-2 - (-4 + 4))).
4
What is 3 + -2 + 1 - -2?
4
What is (0 + 0 - 3) + (-9 - -7)?
-5
Calculate -5 - (7 - (6 - -4)).
-2
What is the value of -4 + (6 - 4) + (1 - 3)?
-4
What is the value of 7 - 5 - -1 - 6?
-3
What is the value of (27 - 35) + 16 + -1?
7
13 + -6 + (-11 - -13)
9
What is -11 + (-10 - (10 + -23))?
-8
What is 6 - 11 - (-1 - 0)?
-4
Evaluate (-1 - 0) + (-1 - -1) - -1.
0
(-1 - 0) + (3 - 4) + -3
-5
What is -4 - (-1 + 0 + 0)?
-3
Evaluate 0 - (-3 + 1) - (-102 - -98).
6
What is 2 + (-10 - -18) - 5?
5
What is (-7 - -3) + 4 + -2?
-2
2 + (1 - -4 - 8) - -2
1
Calculate -3 + -4 - -1 - (-6 + 2).
-2
What is (0 + (0 - -8) - 1) + -4?
3
What is the value of 1 + (3 - (4 + 0))?
0
Calculate (5 - 2) + -2 + 0.
1
Calculate 0 + (-4 - -2) + -1 + 0.
-3
Evaluate 3 - 2 - 0 - -8.
9
Calculate -1 + 8 - (11 - (3 - 5)).
-6
Evaluate -9 + 7 - (3 + 0).
-5
What is 5 + -13 + 19 - 2?
9
-2 - (-9 - -15 - 6)
-2
What is 8 - (7 + -4 + -4 + 6)?
3
What is the value of 6 - (-1 - (-3 - 3))?
1
-5 + ((7 - 10) + 1 - 1)
-8
Evaluate 1 - 2 - (-1 + -1).
1
Evaluate (-2 - -4) + -8 - -3.
-3
What is the value of -10 - ((4 - 7) + 1) - -4?
-4
Calculate 6 - ((-4 - -14) + -5).
1
What is the value of (2 - -6) + -22 + 17?
3
What is -1 - 8 - (45 + -48) - -14?
8
-3 - (5 - ((-4 - -10) + -3))
-5
What is 25 + -26 + (-1 - (2 - 5))?
1
Calculate 0 + ((9 - 2) + -3 - 6).
-2
Evaluate 0 - -3 - 5 - (-8 - -4).
2
-4 + 3 - (-6 + 0)
5
What is the value of -13 + (2 - (6 - -2)) + 12?
-7
Evaluate 1 + 2 + -4 + -3.
-4
What is (4 - 5) + -6 - -2?
-5
-4 + (0 - (-5 - -3))
-2
4 + 1 + -13 + 10
2
4 - (